{"id":10000,"date":"2025-10-17T16:52:25","date_gmt":"2025-10-17T19:52:25","guid":{"rendered":"https:\/\/studiorenascer.com\/novo\/?post_type=product&#038;p=10000"},"modified":"2025-10-17T16:53:39","modified_gmt":"2025-10-17T19:53:39","slug":"pacote-fim-de-semana-para-radio-assinatura-mensal","status":"publish","type":"product","link":"https:\/\/studiorenascer.com\/novo\/produto\/pacote-fim-de-semana-para-radio-assinatura-mensal\/","title":{"rendered":"Pacote Fim de Semana para R\u00e1dio \u2013 Assinatura Mensal"},"content":{"rendered":"<p data-start=\"85\" data-end=\"394\"><strong data-start=\"85\" data-end=\"124\">Descri\u00e7\u00e3o do Produto:<\/strong><br data-start=\"124\" data-end=\"127\" \/>Destaque sua programa\u00e7\u00e3o de s\u00e1bado e domingo com o <strong data-start=\"178\" data-end=\"213\">Pacote Fim de Semana para R\u00e1dio<\/strong>, uma assinatura mensal com conte\u00fado profissional, atualizado e pronto para ir ao ar. Ideal para r\u00e1dios FM e web r\u00e1dios que desejam elevar a audi\u00eancia nos dias de maior movimento!<\/p>\n<p data-start=\"396\" data-end=\"504\">\ud83c\udf99\ufe0f <strong data-start=\"400\" data-end=\"438\">Conte\u00fados inclusos (28 programas):<\/strong><br data-start=\"438\" data-end=\"441\" \/>M\u00fasica, informa\u00e7\u00e3o e entretenimento com qualidade de est\u00fadio:<\/p>\n<ul data-start=\"505\" data-end=\"1058\">\n<li data-start=\"505\" data-end=\"519\">\n<p data-start=\"507\" data-end=\"519\">100% House<\/p>\n<\/li>\n<li data-start=\"520\" data-end=\"544\">\n<p data-start=\"522\" data-end=\"544\">Ac\u00fasticas Sertanejas<\/p>\n<\/li>\n<li data-start=\"545\" data-end=\"554\">\n<p data-start=\"547\" data-end=\"554\">Arer\u00ea<\/p>\n<\/li>\n<li data-start=\"555\" data-end=\"579\">\n<p data-start=\"557\" data-end=\"579\">De Mulher Pra Mulher<\/p>\n<\/li>\n<li data-start=\"580\" data-end=\"594\">\n<p data-start=\"582\" data-end=\"594\">Desplugado<\/p>\n<\/li>\n<li data-start=\"595\" data-end=\"616\">\n<p data-start=\"597\" data-end=\"616\">Forr\u00f3 das Antigas<\/p>\n<\/li>\n<li data-start=\"617\" data-end=\"630\">\n<p data-start=\"619\" data-end=\"630\">Forronejo<\/p>\n<\/li>\n<li data-start=\"631\" data-end=\"650\">\n<p data-start=\"633\" data-end=\"650\">Forroz\u00e3o Brasil<\/p>\n<\/li>\n<li data-start=\"651\" data-end=\"662\">\n<p data-start=\"653\" data-end=\"662\">Hits 80<\/p>\n<\/li>\n<li data-start=\"663\" data-end=\"683\">\n<p data-start=\"665\" data-end=\"683\">Jornal da Semana<\/p>\n<\/li>\n<li data-start=\"684\" data-end=\"701\">\n<p data-start=\"686\" data-end=\"701\">Momento Brega<\/p>\n<\/li>\n<li data-start=\"702\" data-end=\"720\">\n<p data-start=\"704\" data-end=\"720\">Momento da MPB<\/p>\n<\/li>\n<li data-start=\"721\" data-end=\"735\">\n<p data-start=\"723\" data-end=\"735\">Music Show<\/p>\n<\/li>\n<li data-start=\"736\" data-end=\"764\">\n<p data-start=\"738\" data-end=\"764\">O Melhor da Jovem Guarda<\/p>\n<\/li>\n<li data-start=\"765\" data-end=\"788\">\n<p data-start=\"767\" data-end=\"788\">O Melhor de Novelas<\/p>\n<\/li>\n<li data-start=\"789\" data-end=\"807\">\n<p data-start=\"791\" data-end=\"807\">Parada Musical<\/p>\n<\/li>\n<li data-start=\"808\" data-end=\"824\">\n<p data-start=\"810\" data-end=\"824\">Pizeiro Show<\/p>\n<\/li>\n<li data-start=\"825\" data-end=\"839\">\n<p data-start=\"827\" data-end=\"839\">Pop Brasil<\/p>\n<\/li>\n<li data-start=\"840\" data-end=\"866\">\n<p data-start=\"842\" data-end=\"866\">Programa Amado Batista<\/p>\n<\/li>\n<li data-start=\"867\" data-end=\"885\">\n<p data-start=\"869\" data-end=\"885\">R\u00e1dio Especial<\/p>\n<\/li>\n<li data-start=\"886\" data-end=\"902\">\n<p data-start=\"888\" data-end=\"902\">Rei do Bai\u00e3o<\/p>\n<\/li>\n<li data-start=\"903\" data-end=\"918\">\n<p data-start=\"905\" data-end=\"918\">Reggae Hits<\/p>\n<\/li>\n<li data-start=\"919\" data-end=\"940\">\n<p data-start=\"921\" data-end=\"940\">Roberto Cl\u00e1ssicos<\/p>\n<\/li>\n<li data-start=\"941\" data-end=\"967\">\n<p data-start=\"943\" data-end=\"967\">Saudade a Flor da Pele<\/p>\n<\/li>\n<li data-start=\"968\" data-end=\"985\">\n<p data-start=\"970\" data-end=\"985\">Show da Noite<\/p>\n<\/li>\n<li data-start=\"986\" data-end=\"1002\">\n<p data-start=\"988\" data-end=\"1002\">S\u00f3 Sertanejo<\/p>\n<\/li>\n<li data-start=\"1003\" data-end=\"1018\">\n<p data-start=\"1005\" data-end=\"1018\">S\u00f3 Toca Top<\/p>\n<\/li>\n<li data-start=\"1019\" data-end=\"1058\">\n<p data-start=\"1021\" data-end=\"1058\">Super Sequ\u00eancia (Uma ou Duas Horas)<\/p>\n<\/li>\n<\/ul>\n<p data-start=\"1060\" data-end=\"1087\">\ud83d\udce6 <strong data-start=\"1063\" data-end=\"1085\">O que voc\u00ea recebe:<\/strong><\/p>\n<ul data-start=\"1088\" data-end=\"1370\">\n<li data-start=\"1088\" data-end=\"1135\">\n<p data-start=\"1090\" data-end=\"1135\">Programas prontos, com vinhetas e aberturas<\/p>\n<\/li>\n<li data-start=\"1136\" data-end=\"1191\">\n<p data-start=\"1138\" data-end=\"1191\">\u00c1udios em alta qualidade e com mixagem profissional<\/p>\n<\/li>\n<li data-start=\"1192\" data-end=\"1247\">\n<p data-start=\"1194\" data-end=\"1247\"><strong data-start=\"1194\" data-end=\"1245\">Atualiza\u00e7\u00e3o semanal autom\u00e1tica via Google Drive<\/strong><\/p>\n<\/li>\n<li data-start=\"1248\" data-end=\"1329\">\n<p data-start=\"1250\" data-end=\"1329\"><strong data-start=\"1250\" data-end=\"1327\">Compat\u00edvel apenas com Windows 10 ou posterior (n\u00e3o funciona em Windows 7)<\/strong><\/p>\n<\/li>\n<li data-start=\"1330\" data-end=\"1370\">\n<p data-start=\"1332\" data-end=\"1370\">Suporte t\u00e9cnico e orienta\u00e7\u00f5es de uso<\/p>\n<\/li>\n<\/ul>\n<p data-start=\"1372\" data-end=\"1471\">\ud83d\udca1 <strong data-start=\"1375\" data-end=\"1391\">Assine agora<\/strong> e tenha finais de semana cheios de energia, emo\u00e7\u00e3o e boa m\u00fasica na sua r\u00e1dio!<\/p>\n<p data-start=\"1473\" data-end=\"1639\"><strong data-start=\"1473\" data-end=\"1485\">Entrega:<\/strong> digital via Google Drive (Windows 10 ou posterior)<br data-start=\"1536\" data-end=\"1539\" \/><strong data-start=\"1539\" data-end=\"1553\">Renova\u00e7\u00e3o:<\/strong> autom\u00e1tica mensal<br data-start=\"1571\" data-end=\"1574\" \/><strong data-start=\"1574\" data-end=\"1588\">Categoria:<\/strong> Conte\u00fado de Fim de Semana \/ Programas para R\u00e1dio<\/p>\n","protected":false},"excerpt":{"rendered":"<p>Descri\u00e7\u00e3o do Produto:Destaque sua programa\u00e7\u00e3o de s\u00e1bado e domingo com o Pacote Fim de Semana para R\u00e1dio, uma assinatura mensal&hellip;<\/p>\n","protected":false},"featured_media":0,"template":"","meta":[],"product_brand":[],"product_cat":[48],"product_tag":[],"class_list":{"0":"post-10000","1":"product","2":"type-product","3":"status-publish","5":"product_cat-assinatura-de-programas","7":"first","8":"instock","9":"downloadable","10":"shipping-taxable","11":"purchasable","12":"product-type-simple"},"yoast_head":"<!-- This site is optimized with the Yoast SEO Premium plugin v22.6 (Yoast SEO v27.3) - https:\/\/yoast.com\/product\/yoast-seo-premium-wordpress\/ -->\n<title>Pacote Fim de Semana para R\u00e1dio \u2013 Assinatura Mensal - St\u00fadio Renascer<\/title>\n<meta name=\"robots\" content=\"index, follow, max-snippet:-1, max-image-preview:large, max-video-preview:-1\" \/>\n<link rel=\"canonical\" href=\"https:\/\/studiorenascer.com\/novo\/produto\/pacote-fim-de-semana-para-radio-assinatura-mensal\/\" \/>\n<meta property=\"og:locale\" content=\"pt_BR\" \/>\n<meta property=\"og:type\" content=\"article\" \/>\n<meta property=\"og:title\" content=\"Pacote Fim de Semana para R\u00e1dio \u2013 Assinatura Mensal\" \/>\n<meta property=\"og:description\" content=\"Descri\u00e7\u00e3o do Produto:Destaque sua programa\u00e7\u00e3o de s\u00e1bado e domingo com o Pacote Fim de Semana para R\u00e1dio, uma assinatura mensal&hellip;\" \/>\n<meta property=\"og:url\" content=\"https:\/\/studiorenascer.com\/novo\/produto\/pacote-fim-de-semana-para-radio-assinatura-mensal\/\" \/>\n<meta property=\"og:site_name\" content=\"St\u00fadio Renascer\" \/>\n<meta property=\"article:publisher\" content=\"https:\/\/www.facebook.com\/jean.carlos.92317?ref=bookmarks\" \/>\n<meta property=\"article:modified_time\" content=\"2025-10-17T19:53:39+00:00\" \/>\n<meta property=\"og:image\" content=\"https:\/\/studiorenascer.com\/novo\/wp-content\/uploads\/2021\/05\/brasao_studio_renascer.png\" \/>\n\t<meta property=\"og:image:width\" content=\"800\" \/>\n\t<meta property=\"og:image:height\" content=\"800\" \/>\n\t<meta property=\"og:image:type\" content=\"image\/png\" \/>\n<meta name=\"twitter:card\" content=\"summary_large_image\" \/>\n<meta name=\"twitter:site\" content=\"@jccontornofm\" \/>\n<meta name=\"twitter:label1\" content=\"Est. tempo de leitura\" \/>\n\t<meta name=\"twitter:data1\" content=\"2 minutos\" \/>\n<script type=\"application\/ld+json\" class=\"yoast-schema-graph\">{\"@context\":\"https:\\\/\\\/schema.org\",\"@graph\":[{\"@type\":\"WebPage\",\"@id\":\"https:\\\/\\\/studiorenascer.com\\\/novo\\\/produto\\\/pacote-fim-de-semana-para-radio-assinatura-mensal\\\/\",\"url\":\"https:\\\/\\\/studiorenascer.com\\\/novo\\\/produto\\\/pacote-fim-de-semana-para-radio-assinatura-mensal\\\/\",\"name\":\"Pacote Fim de Semana para R\u00e1dio \u2013 Assinatura Mensal - St\u00fadio Renascer\",\"isPartOf\":{\"@id\":\"https:\\\/\\\/studiorenascer.com\\\/novo\\\/#website\"},\"datePublished\":\"2025-10-17T19:52:25+00:00\",\"dateModified\":\"2025-10-17T19:53:39+00:00\",\"breadcrumb\":{\"@id\":\"https:\\\/\\\/studiorenascer.com\\\/novo\\\/produto\\\/pacote-fim-de-semana-para-radio-assinatura-mensal\\\/#breadcrumb\"},\"inLanguage\":\"pt-BR\",\"potentialAction\":[{\"@type\":\"ReadAction\",\"target\":[\"https:\\\/\\\/studiorenascer.com\\\/novo\\\/produto\\\/pacote-fim-de-semana-para-radio-assinatura-mensal\\\/\"]}]},{\"@type\":\"BreadcrumbList\",\"@id\":\"https:\\\/\\\/studiorenascer.com\\\/novo\\\/produto\\\/pacote-fim-de-semana-para-radio-assinatura-mensal\\\/#breadcrumb\",\"itemListElement\":[{\"@type\":\"ListItem\",\"position\":1,\"name\":\"In\u00edcio\",\"item\":\"https:\\\/\\\/studiorenascer.com\\\/novo\\\/\"},{\"@type\":\"ListItem\",\"position\":2,\"name\":\"Inicial\",\"item\":\"https:\\\/\\\/studiorenascer.com\\\/novo\\\/inicial-2\\\/\"},{\"@type\":\"ListItem\",\"position\":3,\"name\":\"Pacote Fim de Semana para R\u00e1dio \u2013 Assinatura Mensal\"}]},{\"@type\":\"WebSite\",\"@id\":\"https:\\\/\\\/studiorenascer.com\\\/novo\\\/#website\",\"url\":\"https:\\\/\\\/studiorenascer.com\\\/novo\\\/\",\"name\":\"St\u00fadio Renascer\",\"description\":\"O seu portal de conte\u00fados!\",\"publisher\":{\"@id\":\"https:\\\/\\\/studiorenascer.com\\\/novo\\\/#\\\/schema\\\/person\\\/12286d6597002391f242bdff7ee1ebbc\"},\"potentialAction\":[{\"@type\":\"SearchAction\",\"target\":{\"@type\":\"EntryPoint\",\"urlTemplate\":\"https:\\\/\\\/studiorenascer.com\\\/novo\\\/?s={search_term_string}\"},\"query-input\":{\"@type\":\"PropertyValueSpecification\",\"valueRequired\":true,\"valueName\":\"search_term_string\"}}],\"inLanguage\":\"pt-BR\"},{\"@type\":[\"Person\",\"Organization\"],\"@id\":\"https:\\\/\\\/studiorenascer.com\\\/novo\\\/#\\\/schema\\\/person\\\/12286d6597002391f242bdff7ee1ebbc\",\"name\":\"Jean Carlos\",\"image\":{\"@type\":\"ImageObject\",\"inLanguage\":\"pt-BR\",\"@id\":\"https:\\\/\\\/studiorenascer.com\\\/novo\\\/wp-content\\\/uploads\\\/2020\\\/07\\\/logo-sr-ideogram-Custom.jpg\",\"url\":\"https:\\\/\\\/studiorenascer.com\\\/novo\\\/wp-content\\\/uploads\\\/2020\\\/07\\\/logo-sr-ideogram-Custom.jpg\",\"contentUrl\":\"https:\\\/\\\/studiorenascer.com\\\/novo\\\/wp-content\\\/uploads\\\/2020\\\/07\\\/logo-sr-ideogram-Custom.jpg\",\"width\":300,\"height\":300,\"caption\":\"Jean Carlos\"},\"logo\":{\"@id\":\"https:\\\/\\\/studiorenascer.com\\\/novo\\\/wp-content\\\/uploads\\\/2020\\\/07\\\/logo-sr-ideogram-Custom.jpg\"},\"description\":\"Jean Carlos \u00e9, Radialista, Produtor e T\u00e9cnico em \u00e1udio!\",\"sameAs\":[\"http:\\\/\\\/studiorenascer.com\",\"https:\\\/\\\/www.facebook.com\\\/jean.carlos.92317?ref=bookmarks\",\"https:\\\/\\\/www.instagram.com\\\/jccontornofm\\\/?hl=pt-br\",\"https:\\\/\\\/www.youtube.com\\\/channel\\\/UCj14OsusL1Okwd4Nm-UVuQQ?view_as=subscriber\"]}]}<\/script>\n<!-- \/ Yoast SEO Premium plugin. -->","yoast_head_json":{"title":"Pacote Fim de Semana para R\u00e1dio \u2013 Assinatura Mensal - St\u00fadio Renascer","robots":{"index":"index","follow":"follow","max-snippet":"max-snippet:-1","max-image-preview":"max-image-preview:large","max-video-preview":"max-video-preview:-1"},"canonical":"https:\/\/studiorenascer.com\/novo\/produto\/pacote-fim-de-semana-para-radio-assinatura-mensal\/","og_locale":"pt_BR","og_type":"article","og_title":"Pacote Fim de Semana para R\u00e1dio \u2013 Assinatura Mensal","og_description":"Descri\u00e7\u00e3o do Produto:Destaque sua programa\u00e7\u00e3o de s\u00e1bado e domingo com o Pacote Fim de Semana para R\u00e1dio, uma assinatura mensal&hellip;","og_url":"https:\/\/studiorenascer.com\/novo\/produto\/pacote-fim-de-semana-para-radio-assinatura-mensal\/","og_site_name":"St\u00fadio Renascer","article_publisher":"https:\/\/www.facebook.com\/jean.carlos.92317?ref=bookmarks","article_modified_time":"2025-10-17T19:53:39+00:00","og_image":[{"width":800,"height":800,"url":"https:\/\/studiorenascer.com\/novo\/wp-content\/uploads\/2021\/05\/brasao_studio_renascer.png","type":"image\/png"}],"twitter_card":"summary_large_image","twitter_site":"@jccontornofm","twitter_misc":{"Est. tempo de leitura":"2 minutos"},"schema":{"@context":"https:\/\/schema.org","@graph":[{"@type":"WebPage","@id":"https:\/\/studiorenascer.com\/novo\/produto\/pacote-fim-de-semana-para-radio-assinatura-mensal\/","url":"https:\/\/studiorenascer.com\/novo\/produto\/pacote-fim-de-semana-para-radio-assinatura-mensal\/","name":"Pacote Fim de Semana para R\u00e1dio \u2013 Assinatura Mensal - St\u00fadio Renascer","isPartOf":{"@id":"https:\/\/studiorenascer.com\/novo\/#website"},"datePublished":"2025-10-17T19:52:25+00:00","dateModified":"2025-10-17T19:53:39+00:00","breadcrumb":{"@id":"https:\/\/studiorenascer.com\/novo\/produto\/pacote-fim-de-semana-para-radio-assinatura-mensal\/#breadcrumb"},"inLanguage":"pt-BR","potentialAction":[{"@type":"ReadAction","target":["https:\/\/studiorenascer.com\/novo\/produto\/pacote-fim-de-semana-para-radio-assinatura-mensal\/"]}]},{"@type":"BreadcrumbList","@id":"https:\/\/studiorenascer.com\/novo\/produto\/pacote-fim-de-semana-para-radio-assinatura-mensal\/#breadcrumb","itemListElement":[{"@type":"ListItem","position":1,"name":"In\u00edcio","item":"https:\/\/studiorenascer.com\/novo\/"},{"@type":"ListItem","position":2,"name":"Inicial","item":"https:\/\/studiorenascer.com\/novo\/inicial-2\/"},{"@type":"ListItem","position":3,"name":"Pacote Fim de Semana para R\u00e1dio \u2013 Assinatura Mensal"}]},{"@type":"WebSite","@id":"https:\/\/studiorenascer.com\/novo\/#website","url":"https:\/\/studiorenascer.com\/novo\/","name":"St\u00fadio Renascer","description":"O seu portal de conte\u00fados!","publisher":{"@id":"https:\/\/studiorenascer.com\/novo\/#\/schema\/person\/12286d6597002391f242bdff7ee1ebbc"},"potentialAction":[{"@type":"SearchAction","target":{"@type":"EntryPoint","urlTemplate":"https:\/\/studiorenascer.com\/novo\/?s={search_term_string}"},"query-input":{"@type":"PropertyValueSpecification","valueRequired":true,"valueName":"search_term_string"}}],"inLanguage":"pt-BR"},{"@type":["Person","Organization"],"@id":"https:\/\/studiorenascer.com\/novo\/#\/schema\/person\/12286d6597002391f242bdff7ee1ebbc","name":"Jean Carlos","image":{"@type":"ImageObject","inLanguage":"pt-BR","@id":"https:\/\/studiorenascer.com\/novo\/wp-content\/uploads\/2020\/07\/logo-sr-ideogram-Custom.jpg","url":"https:\/\/studiorenascer.com\/novo\/wp-content\/uploads\/2020\/07\/logo-sr-ideogram-Custom.jpg","contentUrl":"https:\/\/studiorenascer.com\/novo\/wp-content\/uploads\/2020\/07\/logo-sr-ideogram-Custom.jpg","width":300,"height":300,"caption":"Jean Carlos"},"logo":{"@id":"https:\/\/studiorenascer.com\/novo\/wp-content\/uploads\/2020\/07\/logo-sr-ideogram-Custom.jpg"},"description":"Jean Carlos \u00e9, Radialista, Produtor e T\u00e9cnico em \u00e1udio!","sameAs":["http:\/\/studiorenascer.com","https:\/\/www.facebook.com\/jean.carlos.92317?ref=bookmarks","https:\/\/www.instagram.com\/jccontornofm\/?hl=pt-br","https:\/\/www.youtube.com\/channel\/UCj14OsusL1Okwd4Nm-UVuQQ?view_as=subscriber"]}]}},"_links":{"self":[{"href":"https:\/\/studiorenascer.com\/novo\/wp-json\/wp\/v2\/product\/10000","targetHints":{"allow":["GET"]}}],"collection":[{"href":"https:\/\/studiorenascer.com\/novo\/wp-json\/wp\/v2\/product"}],"about":[{"href":"https:\/\/studiorenascer.com\/novo\/wp-json\/wp\/v2\/types\/product"}],"wp:attachment":[{"href":"https:\/\/studiorenascer.com\/novo\/wp-json\/wp\/v2\/media?parent=10000"}],"wp:term":[{"taxonomy":"product_brand","embeddable":true,"href":"https:\/\/studiorenascer.com\/novo\/wp-json\/wp\/v2\/product_brand?post=10000"},{"taxonomy":"product_cat","embeddable":true,"href":"https:\/\/studiorenascer.com\/novo\/wp-json\/wp\/v2\/product_cat?post=10000"},{"taxonomy":"product_tag","embeddable":true,"href":"https:\/\/studiorenascer.com\/novo\/wp-json\/wp\/v2\/product_tag?post=10000"}],"curies":[{"name":"wp","href":"https:\/\/api.w.org\/{rel}","templated":true}]}}